-57
Calculate (-3 + (-61 - -8) - -17) + (4 - 16) + 8.
-43
Calculate (-16 - -23) + (23 - -8 - -12 - (2 + 2)).
46
-5 + 49 - (10 + 10 + -13 - -9)
28
32 - (48 + -9 + 27)
-34
What is -9 - 0 - -7 - 10 - (-60 - (28 + -36))?
40
Evaluate 42 - (105 + (-155 - -82)).
10
What is -61 - -5 - (90 + -172)?
26
What is the value of (-3 + 1 - -1) + -2 + (68 - 92) + 39?
12
Evaluate -52 - 3 - -28 - 30 - -11.
-46
What is -77 + 79 + 24 + (-2 - 4)?
20
What is the value of 1 + (-1 - 56) + 31 + (19 - (52 - 13))?
-45
What is the value of (4 + 30 - -27) + (-2 - (-4 - -21))?
42
Calculate 1 + -36 + -277 + 482 + -71.
99
Calculate 10 - (61 - (-27 + 24)) - (0 + -12).
-42
Calculate (9 + (-11 - -15) - 6) + (28 - 0).
35
Calculate (26 + -20 - (5 + 7 - 3) - -5) + 12.
14
Calculate (309 - 322) + -1 + 22 - (-3 + 6) - -96.
101
What is 1387 + -1398 - (1 + -57)?
45
(116 - -120 - 209) + -20 + 1
8
What is the value of 6 + 6 + -2 + (-111 - (-74 - 29))?
2
Evaluate 81 + (9 + -34 - -16) + -31.
41
Evaluate 80 + 30 + -3 - -20.
127
What is 8 + 0 + (24 + 0 - (192 + -56 - 113))?
9
Evaluate -91 - (-281 - (-69 + -42)).
79
What is the value of 1 - (-37 + (-50 - -62))?
26
What is (-3 - 51) + -3 + 5893 + -5886?
-50
What is (-37 - (31 + -17)) + 44?
-7
(24 - 67) + 62 - (16 + -3)
6
What is the value of -74 - (65 + -55 + (1 + (-6 - -2) - 15))?
-66
What is the value of (-40 - -21) + -21 - -47?
7
Evaluate -205 + 224 + 14 + -21 + 10.
22
(-9 - (35 - 50)) + (-7 - (-129 - (6 - 5)))
129
1 + 7 + -17 + 41 + 2 + -1 + 9
42
Evaluate -13 - (-29 + 64 + -38 - (-7 + 5 + 130)).
118
What is the value of (5 + 34 + -21 - 0) + 23?
41
Calculate 38 - (55 - (20 + -56)).
-53
Evaluate (-73 - -2) + (-36 - -2) + 313 + -264.
-56
What is (-7 - (-24 + 32)) + (-3 - -60) - (-5 - -1)?
46
What is -37 - (-70 - (-86 + 99))?
46
What is the value of (-13302 - -13315) + -67 + 0?
-54
(56 - (38 - -6)) + 23
35
What is the value of 108 + (99 - 96 - (23 - 5)) + 0 + 6?
99
What is the value of (-3 - -26) + -6 + 0 + 0 + (26 - 35)?
8
What is (-5 - 1 - (-100 + (30 - 55))) + -18?
101
What is 209 + -77 + -86 + (-1 - 31)?
14
29 + -34 + -4 + (42 - 1) + (6 - -2)
40
Calculate (-79 - -102) + -20 - (1 + -2 + -51) - 7.
48
What is 56 + -31 + -100 + 51?
-24
Evaluate (-99 - (-58 - -88)) + 6.
-123
What is the value of -2 - -6 - (4 - (-5 + -4))?
-9
Calculate -32 - 17 - (85 - 101).
-33
Evaluate -9 - (5 + -59 + 46 + 0 + 38).
-39
What is the value of 72 - (0 - (-37 + (19 - -2) + 9 + -2))?
63
(3 - (48 + 4 + 9)) + 9
-49
-63 - -123 - (-4 - (19 + -55))
28
Calculate -286 + -44 + 89 - -126.
-115
Evaluate 69 - (55 + -60) - 1.
73
What is -1 - 64 - (3 + -17 - -16) - (7 - 10)?
-64
Evaluate (5 + -3 + -2 - -1 - -62) + -895 + 892.
60
-41 + (0 - -44) - (14 + -8)
-3
Evaluate (26 + -170 - (-15 - 24)) + (1 - 3) + 0.
-107
Calculate -2 + 7 + -12 + 15 + -12 - (41 + 4).
-49
What is the value of 39 + (-24 - -26) + (5 - 14)?
32
2 - -1 - ((-958 - -915) + 10 + -2)
38
Calculate (15 - 82) + 34 - (-2 + 22).
-53
-13260 - -13217 - (-65 + 1)
21
What is the value of 0 - (-2 - -32 - -13)?
-43
Evaluate (2 - -9) + (17 - -1) + 16 + 10 + -34.
21
Calculate 39 + (2 - (-16 - -52)).
5
What is -10 + -38 + 2 + -10 - (-5 + -9)?
-42
What is 11 - (-12 + 10 - (2 - 3 - 3)) - 12?
-3
Evaluate 96 + 1 - (-326 - -350).
73
(110 + -123 - (-17 + 1 + 6)) + -14 + -1
-18
Evaluate -3 + 0 + 5 + -53 + (-3 - -12).
-42
-69 - (59 - (-23 + 113))
-38
Calculate -9 - (58 - (142 + -70)).
5
What is -2 + -10 + 0 + (157 + -168 - (50 - 1))?
-72
-436 + 451 - (-5 + -18)
38
What is the value of 35 - 23 - (78 + -34 + (7 - 0))?
-39
Evaluate (-25 - 2) + (-2950 - -3032).
55
16 - (-4 + -1 + (94 - (68 - -1)))
-4
Calculate 11 + (15 + -2 - -2) + -49 + 47.
24
((15 - 10) + -15 - 9) + (10 - 9)
-18
-4 + 2 + -26 + 68 + (1 - -14)
55
Evaluate -45 + (2 + -1 - 1) - (-9 - 31 - -42).
-47
Evaluate -1306 - -1381 - (75 + 1).
-1
What is 9218 + -9177 - (-1 - (0 + 20))?
62
What is the value of (24 + 2 + 4 + -1 - 14) + 8 + 2?
25
(1 + -6 + 7 - -1) + 0 + 1 + 14
18
What is the value of -9 + 11 - 8 - -27 - (-8 - 1)?
30
-1677 + 1670 + (-2 - (2 + -4 + 2))
-9
What is the value of -7 + 3 - (52 - 23)?
-33
What is the value of -113 + 4 + ((20 - 12) + -30 - -4 - -4)?
-123
What is 3 + (-1 - -3 - 14) - (50 + 13 + -4)?
-68
What is the value of -8 - 0 - (-80 - (-1 - 58))?
13
Calculate (0 - (10 - -13)) + (22 - 40).
-41
Calculate -79 - (-30 + -64) - (0 + 44).
-29
What is -24 - (2 + (-112 - 3) - (2707 + -2686))?
110
Calculate -67 - (0 + (-9 - -23) + 14).
-95
Evaluate 12 + 24 + -28 + 18 - -8.
34
Evaluate -56 - ((96 - 11) + -53).
-88
What is 12 + (16 - 4 - 4) + 9?
29
What is the value of -1 - (-72 + 84 + (1 - -4))?
-18
What is the value of (-8 - -1) + 115 + -106 - -10?
12
What is the value of -2 + 14 + (10 - -3 - (-27 - -23))?
29
Calculate -22 + -61 + (1 - -1) - (45 - (33 - -5)).
-88
Evaluate 41 + (10 - 52) - (-7 + 2) - -9.
13
Evaluate -15 + (-6 - (16 + -14) - -18 - 3).
-8
What is the value of -138 - ((-3 - (-19 + 13)) + -52)?
-89
(-3 - ((-6 - -2) + 47)) + (192 - 176)
-30
Evaluate 33 - (35 - (18 + 7 - 3)).
20
What is (5 - 12) + (6 + -20 - -8)?
-13
28 + (10 + -2 + -1 - (-15 + 19)) + -8
23
11 + 0 - (3434 - 3418)
-5
What is the value of 34 - ((-727 - -693) + 1 + 13)?
54
19 - 8 - 9 - (-7 - (-6 + 3) - -24)
-18
What is (3 - (-6 + 2 + -4)) + -12 + -7 + 81?
73
What is -111 - -1 - (-2447 - -2397)?
-60
28 + -13 + (-8 - 48) - (2 - (-10 - -1))
-52
Calculate (0 + -5 - 16) + (-12 + -1 - -28).
-6
20 - (7 - -49 - -6)
-42
What is (73 + -1 - 99) + 10?
-17
Evaluate 6 + (-21 - (-50 - -31)) + -18.
-14
What is the value of -33 - (0 - (-7 + 55))?
15
What is the value of 5 + 1 - (-2 + (-7 - -4)) - (298 - 193)?
-94
16 + (3 + -12 - -33 - (-86 + 5))
121
Calculate -22 + (-28 - (-35 + 43)).
-58
Calculate -24 - ((-19 - -9 - 4) + 7 - 3).
-14
Evaluate 10 - ((-5 - -4) + (0 - -13)) - -72.
70
Evaluate -13 + 10 + -4 + (3 - (-1 + -3)) + -28.
-28
Evaluate 36 + (5 - -37) - 80.
-2
What is the value of -3 - (-2 - 1) - 5 - (-18 + (30 - 13))?
-4
What is the value of (-52 - 1) + (-20 + 53 + -24 - 0)?
-44
631 - 680 - (3 - -54)
-106
Calculate (44 + -56 - -69) + 4 + -40.
21
Calculate -35 + 8 + 55 + -56.
-28
-4 + 3 + 0 - -9 - (-435 + 436)
7
(1474 - 1428) + (-1 - 30)
15
Evaluate 7 + -18 + (64 - (-2 + 0 + -7) - -1).
63
What is 7 + (-31 + 24 - (6 - -4)) + -12?
-22
Calculate -122 + (-71 - (50 + -253)).
10
What is the value of 32 - 33 - (-17 + -6) - -10?
32
Evaluate -83 + -2 + -3 + (-231 + 252 - (-1 - -13)).
-79
What is the value of (-16 - (-22 + 3)) + (4 + -2 - 15)?
-10
What is the value of 71 + 3 - ((16 - 1) + -33 + 19)?
73
Calculate 103 + -95 + -113 - -41.
-64
Calculate 54 + 159 + -31 - 90.
92
-2376 + 2387 + 1 + -39 + 2
-25
Calculate -20 - ((11 - 1) + (64 - 73 - 3)).
-18
What is the value of 55 + -75 - (-23 + 28)?
-25
-9 + (-18 - (-32 - 11)) - -19
35
Calculate 44 + -19 + -46 - (-2 - (-3 + 4 + -4)).
-22
Evaluate 11 + (32 - 14) + -53 - -20.
-4
(3791 - 3770) + (-99 - -3) + 2
-73
Calculate 26 + (-8 - (-14 - (-10 + 7 + -15))).
14
What is the value of 12 + (2 - 4) + (-209 - -205)?
6
What is the value of (10 - (0 + 0)) + -146 + (-118 - -232)?
-22
Calculate (2 - 31) + 90 + 11 + -39 - (-2 + 18).
17
Evaluate (-88 - -3) + 6 + (-19 - -28) + 12.
-58
What is the value of 0 - (-14 + 8) - (-34 + 14 + -8)?
34
What is (8 + -26 - 19 - 6) + -1?
-44
What is (8 + 8 + -15 - 27) + 32?
6
Evaluate (-2 - ((5 - -2) + 21)) + (21 - 15).
-24
Evaluate -2 + -48 + -32 + 116.
34
What is the value of (-63 - 18) + (18 - -20) - (0 - 7)?
-36
What is (-452 - -229) + 211 + (20 - -1) + -1 - 101?
-93
Calculate 321 + (-38 - 75) + -103.
105
What is the value of (2 - 16) + 44 + -5 + -38 - -49?
36
Evaluate (-6 - (4 - 9)) + (16 - 14 - -24).
25
What is -11 - 2 - 3 - (27 - 17)?
-26
Evaluate 33 + -48 + 46 + 5.
36
What is the value of (13 - 15) + 1 + (2 - 2) + -39?
-40
Evaluate 7 - (-8 - (7 - -6 - (26 - 13))).
15
-4 + -6 + -1 - (8 - 6) - 23
-36
What is 41 - 72 - (6 + (-1 - (-15 + 6)))?
-45
What is (-61 - -31) + 66 + -14?
22
Calculate 72 - (154 + -154 + 161).
-89
What is 6 + 0 + (-22 + -30 - -110) + 7?
71
222 - 209 - (70 - -2 - -4)
-63
Evaluate -6 - (4 + -15 + 1) - (2 - -23).
-21
Calculate -67 - (-1 + -8 + (8 - -4) + -9 + -4).
-57
Calculate 1 + -38 - (-37 + (4 - -19)).
-23
-693 + 693 + 0 + 44
44
What is the value of 33 + 319 + -445 + 3 + 17?
-73
(-11 + 4 + -7 - (-24 - 19)) + -3 + -5
21
Eva